= -b + 2*b - 4. Suppose -13 = b*f - 5*f + 5*h, 0 = -c*f + 2*h + 65. List the prime factors of f.
23
Suppose 5*s + 3*j = -0*s + 1720, -3*s = 4*j - 1032. List the prime factors of s.
2, 43
Suppose 0 = 14*u - 2*u - 20580. Suppose -11*v - 186 + u = 0. What are the prime factors of v?
139
Suppose 0 = 4*c - 4, -c - 782 = -4*y + 1825. List the prime factors of y.
2, 163
Suppose 3*o = 5*k - 7885, -3*o - o = 5*k - 7920. List the prime factors of k.
2, 5, 79
Let k(p) = -p**3 + p + 6. Let z be k(0). Let c(b) = 2*b - 12. Let j be c(z). Suppose -3*n + n + 18 = j. List the prime factors of n.
3
Let b = 19 + -9. Let n = -8 + b. What are the prime factors of n/(-7) + (-480)/(-14)?
2, 17
Suppose d = -4*d + 4950. What are the prime factors of (-5)/(-20) + d/8?
2, 31
Let i(r) = r**2 + 17*r - 6. Let n be i(-18). Suppose 0 = 3*y + 2*l - 9, -4*y - l = l - n. Suppose -y*o = -162 + 27. List the prime factors of o.
3, 5
Suppose 8 = -5*l + 2*k, -5*l + 3*k - 11 = 1. Suppose 5*t - 855 = -w - 4*w, -4*w - 2*t + 676 = l. List the prime factors of w.
167
Let x be 2 - (-23 - (0 + -1)). Suppose 4*q + 4*m = -x, q = m - 8 - 8. Let y = 13 - q. List the prime factors of y.
2, 3
Let a = 55 - 77. List the prime factors of (-1778)/a + 2 + 60/(-33).
3
Suppose -5*a - 2*l = 58, -a = -0*a + l + 11. List the prime factors of (a/9)/(((-40)/636)/5).
2, 53
Let t(h) = 87*h - 751. List the prime factors of t(10).
7, 17
Let l = 7000 + -4663. List the prime factors of l.
3, 19, 41
Suppose 12 = 13*d - 11*d. List the prime factors of (2/d)/((-3)/(-27)) + 32.
5, 7
Let d be (-4 - (-28)/8)*28. List the prime factors of ((-140)/(-10))/((-2)/d).
2, 7
Let v = 0 - -5. Suppose v*s + 307 = 3*h - 0*s, 5*h + 3*s - 523 = 0. Suppose -3*j - j = -h. List the prime factors of j.
2, 13
Let u = 92 + -87. Suppose 105 = -4*d + u*n + 556, 0 = -d - n + 124. List the prime factors of d.
7, 17
Let j be (698/(-7) - -1) + (-4)/14. Let g = j + 175. What are the prime factors of g?
2, 19
Suppose -a = 4*w - 552, a + 139 = w - 4. List the prime factors of w.
139
Suppose -953*n - 29760 = -963*n. List the prime factors of n.
2, 3, 31
Suppose -1928 = -3*y + 2038. List the prime factors of y.
2, 661
Let m = 997 - 710. What are the prime factors of m?
7, 41
Let w(x) = -x**3 - 2*x**2 - 7*x. Let u be w(7). Let s = -296 - u. List the prime factors of s.
2, 97
Suppose 0 = z - 5*n - 347, -1352 = -4*z - n + 3*n. What are the prime factors of z?
337
Let h = -625 + 2069. What are the prime factors of h?
2, 19
Let u = 133 - 136. List the prime factors of (-7 - u)/(-4) + (-202)/(-1).
7, 29
Let r = 94 + 24. What are the prime factors of r?
2, 59
List the prime factors of (21/(-70))/(-3) + (-92695)/(-50).
2, 3, 103
Let g(s) = s**3 + 2*s**2 - 3*s + 3. Let h be g(-3). Suppose 0 = -8*y + h*y + 70. What are the prime factors of y?
2, 7
Suppose -4*s - 2*z + 312 = 0, 75 = -3*s + 5*z + 296. Suppose 0 = 2*m - s - 9. Let g = 60 - m. What are the prime factors of g?
17
Let c = 644 + -369. Suppose c = 5*u - 5*y, -u - 3*y = u - 120. What are the prime factors of u?
3, 19
Let l be ((-15)/45)/(1/(-6)). Suppose -f = -3*i + l*f + 195, -3*f + 65 = i. What are the prime factors of i?
5, 13
Suppose -6*x = -5*x. Suppose x = 4*r - o - 909, o - 698 = -3*r + 5*o. Suppose -58 = -d + 2*p, -4*d + 2*p + r = -0*p. What are the prime factors of d?
2, 7
Suppose c - 20 = -c. What are the prime factors of (-165)/5*c/(-6)?
5, 11
Suppose 4*f - 3*a = -7*a - 76, 3*a = -4*f - 71. Let v(h) = -4*h - 4. List the prime factors of v(f).
2, 13
Let w be (-3)/(-2*5/2 + 2). Suppose -4*p - 1 = -29. Let r = p - w. List the prime factors of r.
2, 3
Let y(x) = -34*x**3 + 2*x**2 + 3. Let c be y(-2). Suppose i = 5*h + c, 2*h - 542 = -2*i - 0. List the prime factors of (-1)/2 + i/26.
2, 5
Suppose -5*i = -557 + 42. Suppose -5*o = i + 27. What are the prime factors of 530/65 + 4/o?
2
Let c(f) = 11*f**3 + 2*f**2 - 2*f - 2. Let b(g) = -g**2 + 9*g - 6. Let q be b(8). List the prime factors of c(q).
2, 3, 5
Suppose 14454 = 48*i - 39*i. List the prime factors of i.
2, 11, 73
List the prime factors of ((-187)/33 + 5)/(1/(-114)).
2, 19
Let d be 18/(-4)*(-24)/18. Let b(j) = -9 - 16*j**2 + 18*j**2 - d*j + 5 - 5. What are the prime factors of b(-4)?
47
Let f = 4027 - 2568. What are the prime factors of f?
1459
Let x(q) = 85*q**2 + 11*q - 6. Let i be x(4). Suppose -825 = -3*f + 4*c, -3*f - 2*f = c - i. List the prime factors of (-2)/(-3)*f/6.
31
Suppose 0 = -2*j + 4*g + 1346, 98*j = 94*j + g + 2692. What are the prime factors of j?
673
Suppose -4*b = -2*j - 1183 + 425, 3*b + 5*j = 575. List the prime factors of b.
2, 5, 19
Let u = 103 - 98. Let f(l) = 3*l**2 + 10*l + 9. Let c(a) = -a**2 - a - 1. Let b(k) = -6*c(k) - f(k). List the prime factors of b(u).
2, 13
Let v = 204 - 27. List the prime factors of v.
3, 59
Suppose 2283 = a + 241. List the prime factors of a.
2, 1021
Suppose 3*y - 2*g = 493, 4*g + 489 = 3*y + g. List the prime factors of y.
167
Suppose -229 = 19*v - 6461. List the prime factors of v.
2, 41
Suppose -2*t - 142 = -4*w, 2*w + 2*t - 72 = 4*t. Let x be 21/6*30/w. List the prime factors of 1 - (-6 + 0)/x.
3
Let a(t) be the second derivative of t**3/6 - t**2/2 + 5*t. Let q be a(3). List the prime factors of (42 - q) + (-3)/(-1).
43
Let z be (-2 + 6)*3*1/6. Suppose -3*u - 5*g = -331, 9*g + 230 = z*u + 10*g. List the prime factors of u.
3, 13
Let g(n) = n**2 + 4*n + 2. Let m be g(-3). Let a be -23 + (3 - 0) + m. Let l = a + 41. List the prime factors of l.
2, 5
Suppose -179 = 4*h - 19. Let y = h + 138. What are the prime factors of y?
2, 7
Suppose 1362 = 6*m - 138. List the prime factors of m/9 - 2*(-2)/18.
2, 7
Suppose -2*d + 2204 = y - 6*d, -10940 = -5*y + 4*d. What are the prime factors of y?
2, 3, 7, 13
Suppose 9 = 4*y - 3. Suppose -3 - 24 = -y*k. What are the prime factors of k?
3
Let k = 5223 - 2917. List the prime factors of k.
2, 1153
Let g be (2 + 21/(-12))*8. Suppose -g*p - 4*p = -360. List the prime factors of p.
2, 3, 5
Let n be -3*(1 + (-10)/6). Let t(u) = -4*u**3 - 2*u**2 - 2*u. Let s(i) = 3*i**3 + i**2 + 2*i. Let o(l) = -5*s(l) - 4*t(l). What are the prime factors of o(n)?
2
Suppose 165 = 5*l - 4*g, -2*l - 2*g = 1 - 85. Let h = -16 + l. Suppose -3*u = h - 87. List the prime factors of u.
2, 11
Let d be -1 + -3 + (-2)/(-2). List the prime factors of 4 + d - (-93)/3.
2
Let v = 52 - 79. Let p = v + 23. What are the prime factors of p + 126/(-3)*-1?
2, 19
Let l = 136 + -132. Suppose 5*t = 25, -l*f = 2*t + 3*t - 1053. What are the prime factors of f?
257
Let z = 10 - 16. List the prime factors of (2 + z/4)*94.
47
Let c(t) = 27*t - 85. List the prime factors of c(65).
2, 5, 167
Suppose 2*m + 4 = 16. Suppose 3*d - 3 = m. Suppose -d*h + 2*h = -19. What are the prime factors of h?
19
Let j = 666 - 335. List the prime factors of j.
331
Let l = 182 + -69. Suppose -3*v + v + 3*f = -50, -4*v - 2*f = -116. Suppose -5*r + l = v. List the prime factors of r.
17
Let c(b) = b**3 - 6*b**2 + 5*b + 4. Let k be c(2). Let w(y) = 14*y + 2. Let v be w(-4). List the prime factors of (v/24)/(k/8).
3
Let c be 3 - 2 - (-6)/2. Let k = c + 0. What are the prime factors of (2/(-4))/(k/(-192))?
2, 3
Suppose 29 = -4*m - 27. Let j = m + 23. Suppose x - 20 = j. List the prime factors of x.
29
List the prime factors of (-119739)/(-42) - 18/(-252).
2851
Suppose -2*c = -0*c - u - 4, -3*c = 3*u + 3. Let k(q) = -8*q**3 + q**2 - 2*q + 1. Let j be k(c). Let m(x) = -x + 6. List the prime factors of m(j).
2, 7
Let m = 733 + 13. What are the prime factors of m?
2, 373
What are the prime factors of 498/4*6/9?
83
Suppose 3*f - 2*m - 268 = 0, -4*m + 54 = f - 26. What are the prime factors of f?
2, 11
Let g be (36/(-24))/((-2)/64). Suppose g = 3*y - 3. What are the prime factors of y?
17
Suppose 0 = j - 3*j + 6. Let s(l) = -l**j + 3 + 2*l**3 + 5*l**2 - 6*l**2 - 4*l. What are the prime factors of s(3)?
3
Let v = 405 - 235. List the prime factors of v.
2, 5, 17
Let h be (-1202)/(-6) - (-2)/3. Let n = -83 + h. What are the prime factors of n?
2, 59
Suppose -2*b + 137 = -3*y, -4*y = -3*b + 201 + 2. Let s = b + -26. What are the prime factors of s?
5, 7
What are the prime factors of 38*(7/(-4))/7*-28?
2, 7, 19
Suppose 0 = 2*u - 6, 3*x - 19 = 5*u + 23. Suppose 4*c - x = -3. What are the prime factors of ((-6)/c)/(4/(-40))?
3, 5
Let 